{"id":3885,"date":"2019-04-01T20:25:21","date_gmt":"2019-04-01T20:25:21","guid":{"rendered":"https:\/\/kindertrauer-undmehr.at\/?page_id=3885"},"modified":"2024-10-23T03:54:45","modified_gmt":"2024-10-23T03:54:45","slug":"die-trauer","status":"publish","type":"page","link":"https:\/\/kindertrauer-undmehr.at\/index.php\/die-trauer\/","title":{"rendered":"Trauer Allgemein"},"content":{"rendered":"<section class=\"wpb-content-wrapper\"><p>[vc_row][vc_column][vc_column_text]<\/p>\n<h4><span style=\"color: #008c83;\">Trauer<br \/>\n<\/span><\/h4>\n<p>[\/vc_column_text][vc_column_text]<\/p>\n<blockquote><p><strong>\u201eTrauer ist nicht das Problem, sondern die L\u00f6sung!\u201c<br \/>\n<\/strong>Chris Paul<\/p><\/blockquote>\n<p>[\/vc_column_text][vc_column_text css=&#8220;.vc_custom_1729168799836{margin-bottom: 0px !important;border-bottom-width: 0px !important;}&#8220;]<span style=\"color: #008c83;\"><img loading=\"lazy\" decoding=\"async\" class=\"wp-image-4818 size-medium alignright\" src=\"https:\/\/kindertrauer-undmehr.at\/wp-content\/uploads\/2024\/10\/Trauer-Facetten-300x225.jpg\" alt=\"\" width=\"300\" height=\"225\" srcset=\"https:\/\/kindertrauer-undmehr.at\/wp-content\/uploads\/2024\/10\/Trauer-Facetten-300x225.jpg 300w, https:\/\/kindertrauer-undmehr.at\/wp-content\/uploads\/2024\/10\/Trauer-Facetten.jpg 640w\" sizes=\"auto, (max-width: 300px) 100vw, 300px\" \/><\/span>Trauer ist die nat\u00fcrliche, heilsame Reaktionen auf einschneidende Lebensereignisse wie Krankheit, Trennung, Tod und Abschied. Sie ist einzigartig und individuell wie die Menschen selbst und l\u00f6st eine Reihe von Emotionen und Reaktionen aus. Tiefe Traurigkeit, Sehnsucht, Angst, Verwirrung, Wut oder Schuldzuweisungen sind h\u00e4ufige normale Reaktionen und zeigen sich je nach Traueranlass, Beziehungsgef\u00fcge und sozialem Umfeld in unterschiedlicher Intensit\u00e4t.[\/vc_column_text][vc_toggle title=&#8220;Mehr dazu&#8220;]Gef\u00fchle wahrzunehmen, auszudr\u00fccken und damit umzugehen ist ein wichtiger Teil der Trauergestaltung.<br \/>\nTrauergestaltung hei\u00dft aktiv den heilsamen Trauerprozess zu beleben. Das passiert zum Beispiel in einem Beratungsgespr\u00e4ch oder im praktischen Tun und in bewusster Auseinandersetzung mit allen Ver\u00e4nderungen. Erinnerungen sortieren, Hinterlassenschaften aufr\u00e4umen, dem Verstorbenen einen neuen Platz geben und trotz Trauernarben wieder gl\u00fccklich leben lernen sind wichtige Stationen am individuellen Trauerweg. Ebenso k\u00f6nnen Ressourcen erkannt, Kraftquellen entdeckt und Lebenswerte neu \u00fcberdacht werden.[\/vc_toggle][\/vc_column][\/vc_row][vc_row][vc_column][vc_column_text]<\/p>\n<h4><span style=\"color: #008c83;\">Trauer bei Kindern und Jugendlichen<\/span><\/h4>\n<p>[\/vc_column_text][vc_column_text]<\/p>\n<blockquote><p><strong>\u201eDass mein Papa so viel weint, das geht mir manchmal auf die Nerven. Er tut mir eh leid, aber ich will, dass es aufh\u00f6rt! Ich bem\u00fch mich eh so in der Schule, aber ich bekomm gerade keine guten Noten, obwohl ich so viel lerne!\u201c<br \/>\n<\/strong>Hannes (11 Jahre), 4 Monate nach dem Tod seiner Mutter<\/p><\/blockquote>\n<p>[\/vc_column_text][vc_column_text css=&#8220;.vc_custom_1729655683926{margin-bottom: 0px !important;border-bottom-width: 0px !important;}&#8220;]<\/p>\n<figure id=\"attachment_4820\" aria-describedby=\"caption-attachment-4820\" style=\"width: 300px\" class=\"wp-caption alignright\"><img loading=\"lazy\" decoding=\"async\" class=\"wp-image-4820 size-medium\" src=\"https:\/\/kindertrauer-undmehr.at\/wp-content\/uploads\/2024\/10\/Trauer-Kinder-Jugendliche_2024-300x225.jpg\" alt=\"\" width=\"300\" height=\"225\" srcset=\"https:\/\/kindertrauer-undmehr.at\/wp-content\/uploads\/2024\/10\/Trauer-Kinder-Jugendliche_2024-300x225.jpg 300w, https:\/\/kindertrauer-undmehr.at\/wp-content\/uploads\/2024\/10\/Trauer-Kinder-Jugendliche_2024.jpg 640w\" sizes=\"auto, (max-width: 300px) 100vw, 300px\" \/><figcaption id=\"caption-attachment-4820\" class=\"wp-caption-text\">\u00a9 uschiwolf<\/figcaption><\/figure>\n<p>Kinder und Jugendliche werden durch Krankheit, Trennung und Tod eines geliebten Menschen oft st\u00e4rker getroffen als wir Erwachsene uns das vorstellen k\u00f6nnen. Oftmals werden sie \u00fcberw\u00e4ltigt von der Vielfalt und Intensit\u00e4t ihrer Trauerreaktionen, die h\u00e4ufig auch erst Wochen oder Monate nach dem Verlust auftreten. Kinder und Jugendliche sind abh\u00e4ngig von der Reaktion der Erwachsenen und brauchen Erwachsene als \u201e\u00dcbersetzer\u201c, um ihre Gef\u00fchle und Reaktion mit dem erlebten Verlust in Verbindung bringen zu k\u00f6nnen. Ebenso brauchen sie Anregungen und Vorbilder, um den Trauergef\u00fchlen Ausdruck geben zu k\u00f6nnen. Dies kann innerhalb der Familie funktionieren. Allerdings neigen Kinder und Jugendliche dazu auf ihre trauernden Eltern sehr R\u00fccksicht zu nehmen. Eine au\u00dfenstehende erfahrene Person (zum Beispiel Trauerbegleiterin), der man sich ohne R\u00fccksichtnahme anvertrauen kann, erleben die meisten Kinder und Jugendlichen als sehr entlastend.[\/vc_column_text][vc_toggle title=&#8220;Mehr dazu&#8220;]<\/p>\n<div class=\"vc_tta-panel-body\">\n<div class=\"wpb_text_column wpb_content_element \">\n<div class=\"wpb_wrapper\">\n<p>Symbolisch gesprochen k\u00f6nnen wir die Trauer der Erwachsenen mit dem Waten durch einen Fluss in unterschiedlichen Tiefen vergleichen. Unsere Kinder hingegen stolpern von einer Wasser(=Trauer)pf\u00fctze in die n\u00e4chste \u2013 hinein und hinaus. Sie haben die F\u00e4higkeit rasch und intensiv in die Trauer einzutauchen und auch ebenso rasch wieder auszusteigen. \u00a0Dies soll uns Erwachsene aber nicht dazu verleiten, in das fr\u00f6hliche Verhalten von Kindern f\u00e4lschlicherweise ein NICHT-Trauern oder \u201eEh alles gut\u201c hineinzuinterpretieren. Kinder und Jugendliche\u00a0TRAUERN IMMER \u2013 sprunghaft, individuell, manchmal auch unkonventionell \u2013 abh\u00e4ngig von ihrem Alter, dem Traueranlass, ihren Erfahrungen, dem sozialen Umfeld, ihren Lebensumst\u00e4nden\u2026..<\/p>\n<p>Wahrheit, Klarheit und Sicherheit sind ganz wichtig f\u00fcr Kinder und Jugendliche in Zeiten der Trauer und soll von Erwachsenen an Kinder und Jugendliche vermittelt und vorgelebt werden.<\/p>\n<\/div>\n<\/div>\n<\/div>\n<p>[\/vc_toggle][\/vc_column][\/vc_row]<\/p>\n<\/section>","protected":false},"excerpt":{"rendered":"<p>[vc_row][vc_column][vc_column_text] Trauer [\/vc_column_text][vc_column_text] \u201eTrauer ist nicht das Problem, sondern die L\u00f6sung!\u201c Chris Paul [\/vc_column_text][vc_column_text css=&#8220;.vc_custom_1729168799836{margin-bottom: 0px !important;border-bottom-width: 0px !important;}&#8220;]Trauer ist die nat\u00fcrliche, heilsame Reaktionen auf einschneidende Lebensereignisse wie Krankheit, Trennung, Tod und Abschied. Sie ist einzigartig und individuell wie die Menschen selbst und l\u00f6st eine Reihe von Emotionen und Reaktionen aus. Tiefe Traurigkeit, Sehnsucht, Angst, &hellip; <a href=\"https:\/\/kindertrauer-undmehr.at\/index.php\/die-trauer\/\" class=\"more-link\">Continue reading <span class=\"screen-reader-text\">Trauer Allgemein<\/span><\/a><\/p>\n","protected":false},"author":1,"featured_media":0,"parent":0,"menu_order":0,"comment_status":"closed","ping_status":"closed","template":"","meta":{"footnotes":""},"class_list":["post-3885","page","type-page","status-publish","hentry"],"aioseo_notices":[],"_links":{"self":[{"href":"https:\/\/kindertrauer-undmehr.at\/index.php\/wp-json\/wp\/v2\/pages\/3885","targetHints":{"allow":["GET"]}}],"collection":[{"href":"https:\/\/kindertrauer-undmehr.at\/index.php\/wp-json\/wp\/v2\/pages"}],"about":[{"href":"https:\/\/kindertrauer-undmehr.at\/index.php\/wp-json\/wp\/v2\/types\/page"}],"author":[{"embeddable":true,"href":"https:\/\/kindertrauer-undmehr.at\/index.php\/wp-json\/wp\/v2\/users\/1"}],"replies":[{"embeddable":true,"href":"https:\/\/kindertrauer-undmehr.at\/index.php\/wp-json\/wp\/v2\/comments?post=3885"}],"version-history":[{"count":79,"href":"https:\/\/kindertrauer-undmehr.at\/index.php\/wp-json\/wp\/v2\/pages\/3885\/revisions"}],"predecessor-version":[{"id":4844,"href":"https:\/\/kindertrauer-undmehr.at\/index.php\/wp-json\/wp\/v2\/pages\/3885\/revisions\/4844"}],"wp:attachment":[{"href":"https:\/\/kindertrauer-undmehr.at\/index.php\/wp-json\/wp\/v2\/media?parent=3885"}],"curies":[{"name":"wp","href":"https:\/\/api.w.org\/{rel}","templated":true}]}}

<section class="wpb-content-wrapper"><p>[vc_row][vc_column][vc_column_text]</p>
<h4><span style="color: #008c83;">Trauer<br />
</span></h4>
<p>[/vc_column_text][vc_column_text]</p>
<blockquote><p><strong>„Trauer ist nicht das Problem, sondern die Lösung!“<br />
</strong>Chris Paul</p></blockquote>
<p>[/vc_column_text][vc_column_text css=&#8220;.vc_custom_1729168799836{margin-bottom: 0px !important;border-bottom-width: 0px !important;}&#8220;]<span style="color: #008c83;"><img loading="lazy" decoding="async" class="wp-image-4818 size-medium alignright" src="https://kindertrauer-undmehr.at/wp-content/uploads/2024/10/Trauer-Facetten-300x225.jpg" alt="" width="300" height="225" srcset="https://kindertrauer-undmehr.at/wp-content/uploads/2024/10/Trauer-Facetten-300x225.jpg 300w, https://kindertrauer-undmehr.at/wp-content/uploads/2024/10/Trauer-Facetten.jpg 640w" sizes="auto, (max-width: 300px) 100vw, 300px" /></span>Trauer ist die natürliche, heilsame Reaktionen auf einschneidende Lebensereignisse wie Krankheit, Trennung, Tod und Abschied. Sie ist einzigartig und individuell wie die Menschen selbst und löst eine Reihe von Emotionen und Reaktionen aus. Tiefe Traurigkeit, Sehnsucht, Angst, Verwirrung, Wut oder Schuldzuweisungen sind häufige normale Reaktionen und zeigen sich je nach Traueranlass, Beziehungsgefüge und sozialem Umfeld in unterschiedlicher Intensität.[/vc_column_text][vc_toggle title=&#8220;Mehr dazu&#8220;]Gefühle wahrzunehmen, auszudrücken und damit umzugehen ist ein wichtiger Teil der Trauergestaltung.<br />
Trauergestaltung heißt aktiv den heilsamen Trauerprozess zu beleben. Das passiert zum Beispiel in einem Beratungsgespräch oder im praktischen Tun und in bewusster Auseinandersetzung mit allen Veränderungen. Erinnerungen sortieren, Hinterlassenschaften aufräumen, dem Verstorbenen einen neuen Platz geben und trotz Trauernarben wieder glücklich leben lernen sind wichtige Stationen am individuellen Trauerweg. Ebenso können Ressourcen erkannt, Kraftquellen entdeckt und Lebenswerte neu überdacht werden.[/vc_toggle][/vc_column][/vc_row][vc_row][vc_column][vc_column_text]</p>
<h4><span style="color: #008c83;">Trauer bei Kindern und Jugendlichen</span></h4>
<p>[/vc_column_text][vc_column_text]</p>
<blockquote><p><strong>„Dass mein Papa so viel weint, das geht mir manchmal auf die Nerven. Er tut mir eh leid, aber ich will, dass es aufhört! Ich bemüh mich eh so in der Schule, aber ich bekomm gerade keine guten Noten, obwohl ich so viel lerne!“<br />
</strong>Hannes (11 Jahre), 4 Monate nach dem Tod seiner Mutter</p></blockquote>
<p>[/vc_column_text][vc_column_text css=&#8220;.vc_custom_1729655683926{margin-bottom: 0px !important;border-bottom-width: 0px !important;}&#8220;]</p>
<figure id="attachment_4820" aria-describedby="caption-attachment-4820" style="width: 300px" class="wp-caption alignright"><img loading="lazy" decoding="async" class="wp-image-4820 size-medium" src="https://kindertrauer-undmehr.at/wp-content/uploads/2024/10/Trauer-Kinder-Jugendliche_2024-300x225.jpg" alt="" width="300" height="225" srcset="https://kindertrauer-undmehr.at/wp-content/uploads/2024/10/Trauer-Kinder-Jugendliche_2024-300x225.jpg 300w, https://kindertrauer-undmehr.at/wp-content/uploads/2024/10/Trauer-Kinder-Jugendliche_2024.jpg 640w" sizes="auto, (max-width: 300px) 100vw, 300px" /><figcaption id="caption-attachment-4820" class="wp-caption-text">© uschiwolf</figcaption></figure>
<p>Kinder und Jugendliche werden durch Krankheit, Trennung und Tod eines geliebten Menschen oft stärker getroffen als wir Erwachsene uns das vorstellen können. Oftmals werden sie überwältigt von der Vielfalt und Intensität ihrer Trauerreaktionen, die häufig auch erst Wochen oder Monate nach dem Verlust auftreten. Kinder und Jugendliche sind abhängig von der Reaktion der Erwachsenen und brauchen Erwachsene als „Übersetzer“, um ihre Gefühle und Reaktion mit dem erlebten Verlust in Verbindung bringen zu können. Ebenso brauchen sie Anregungen und Vorbilder, um den Trauergefühlen Ausdruck geben zu können. Dies kann innerhalb der Familie funktionieren. Allerdings neigen Kinder und Jugendliche dazu auf ihre trauernden Eltern sehr Rücksicht zu nehmen. Eine außenstehende erfahrene Person (zum Beispiel Trauerbegleiterin), der man sich ohne Rücksichtnahme anvertrauen kann, erleben die meisten Kinder und Jugendlichen als sehr entlastend.[/vc_column_text][vc_toggle title=&#8220;Mehr dazu&#8220;]</p>
<div class="vc_tta-panel-body">
<div class="wpb_text_column wpb_content_element ">
<div class="wpb_wrapper">
<p>Symbolisch gesprochen können wir die Trauer der Erwachsenen mit dem Waten durch einen Fluss in unterschiedlichen Tiefen vergleichen. Unsere Kinder hingegen stolpern von einer Wasser(=Trauer)pfütze in die nächste – hinein und hinaus. Sie haben die Fähigkeit rasch und intensiv in die Trauer einzutauchen und auch ebenso rasch wieder auszusteigen.  Dies soll uns Erwachsene aber nicht dazu verleiten, in das fröhliche Verhalten von Kindern fälschlicherweise ein NICHT-Trauern oder „Eh alles gut“ hineinzuinterpretieren. Kinder und Jugendliche TRAUERN IMMER – sprunghaft, individuell, manchmal auch unkonventionell – abhängig von ihrem Alter, dem Traueranlass, ihren Erfahrungen, dem sozialen Umfeld, ihren Lebensumständen…..</p>
<p>Wahrheit, Klarheit und Sicherheit sind ganz wichtig für Kinder und Jugendliche in Zeiten der Trauer und soll von Erwachsenen an Kinder und Jugendliche vermittelt und vorgelebt werden.</p>
</div>
</div>
</div>
<p>[/vc_toggle][/vc_column][/vc_row]</p>
</section>

<p>[vc_row][vc_column][vc_column_text] Trauer [/vc_column_text][vc_column_text] „Trauer ist nicht das Problem, sondern die Lösung!“ Chris Paul [/vc_column_text][vc_column_text css=&#8220;.vc_custom_1729168799836{margin-bottom: 0px !important;border-bottom-width: 0px !important;}&#8220;]Trauer ist die natürliche, heilsame Reaktionen auf einschneidende Lebensereignisse wie Krankheit, Trennung, Tod und Abschied. Sie ist einzigartig und individuell wie die Menschen selbst und löst eine Reihe von Emotionen und Reaktionen aus. Tiefe Traurigkeit, Sehnsucht, Angst, &hellip; <a href="https://kindertrauer-undmehr.at/index.php/die-trauer/" class="more-link">Continue reading <span class="screen-reader-text">Trauer Allgemein</span></a></p>
