{"id":3983,"date":"2019-08-25T19:50:11","date_gmt":"2019-08-25T19:50:11","guid":{"rendered":"https:\/\/kindertrauer-undmehr.at\/?page_id=3983"},"modified":"2019-09-19T19:32:59","modified_gmt":"2019-09-19T19:32:59","slug":"faqs","status":"publish","type":"page","link":"https:\/\/kindertrauer-undmehr.at\/index.php\/faqs\/","title":{"rendered":"FAQs"},"content":{"rendered":"<section class=\"wpb-content-wrapper\"><p>[vc_row][vc_column][vc_column_text]<\/p>\n<h4><span style=\"color: #008f84;\">H\u00e4ufigste Fragen von Eltern<\/span><\/h4>\n<p>Ich habe hier mir oft gestellte Fragen f\u00fcr Sie in ganz kurzer Form zusammengefasst. Mehr dazu gerne in einem pers\u00f6nlichen Beratungsgespr\u00e4ch.[\/vc_column_text][vc_tta_accordion no_fill=&#8220;&#8220; gap=&#8220;&#8220; active_section=&#8220;10&#8243; collapsible_all=&#8220;true&#8220;][vc_tta_section title=&#8220;Soll ich mit meinem Kind \u00fcber eine bedrohliche Krankheit \/ Sterben \/ Tod sprechen?&#8220; tab_id=&#8220;1566762582407-5ab3bb78-e10a&#8220;][vc_column_text]Ich finde JA:<br \/>\nWenn Sie mit Ihrem Kind nicht dar\u00fcber reden, wird es sp\u00fcren, dass etwas nicht in Ordnung ist und Fantasien beginnen sich zu entwickeln. Dadurch werden Gef\u00fchle wie Unsicherheit, Angst, Wut und\u00a0 m\u00f6glicherweise auch Schuldgef\u00fchlen in ihrem Kind ausgel\u00f6st. Beginnen sie altersgerecht eine Geschichte zu erz\u00e4hlen, die sie immer weitererz\u00e4hlen k\u00f6nnen\u2026<\/p>\n<p>Jugendliche m\u00f6chten wie Erwachsene behandelt werden und somit immer am Laufenden sein \u00fcber\u00a0 Ver\u00e4nderungen. Alles andere ist f\u00fcr Jugendlichen ein Zeichen von \u201enicht ernst genommen werden\u201c und entsprechende Reaktionen sind vorprogrammiert![\/vc_column_text][\/vc_tta_section][vc_tta_section title=&#8220;Soll sich mein Kind vom Verstorbenen verabschieden und mit aufs Begr\u00e4bnis gehen?&#8220; tab_id=&#8220;1566762582425-326d96f8-cb99&#8243;][vc_column_text]Ich finde JA:<\/p>\n<p><u>Mit entsprechender Vorbereitung und Begleitung<\/u>, denn bewusstes Abschied nehmen hilft den Tod zu realisieren. Mit allen Sinnen kann be-greifen erm\u00f6glicht werden.<br \/>\nLetztendlich ist es nat\u00fcrlich ihre Elternentscheidung und es geht in diesen Frage wohl nicht nur um Abschied nehmen sondern auch um Wertevermittlung. \u2013 Wie gehen wir mit unseren Verstorbenen und deren letzten Weg um?[\/vc_column_text][\/vc_tta_section][vc_tta_section title=&#8220;Wann h\u00f6rt die Trauer auf?&#8220; tab_id=&#8220;1566763288011-07b86944-8384&#8243;][vc_column_text]Trauer h\u00f6rt nie ganz auf, sondern verwandelt sich! In Bildern gesprochen ist da eine Wunde, die heilt und eine Narbe die bleibt.<br \/>\nDer Tod eines nahe stehenden Menschen \u00a0bleibt \u00a0immer Teil der Lebensgeschichten \u00a0der Hinterbliebenen. Also bedeutet das f\u00fcr ihr betroffenes heranwachsendes Kind, dass es in verschiedenen Lebensstufen und zu bestimmten Lebensereignissen eine \u00a0neuerliche Auseinandersetzungen mit der Trauer und\u00a0 ihren Facetten geben kann. Durch Trauergestaltung, Trauerbegleitung und gemeinsames Erinnern in der Familie erf\u00e4hrt ihr Kind Trost, Zuversicht und macht positive Erfahrungen mit Hilfe von innen (Familie) und au\u00dfen (Trauerbegleitung).[\/vc_column_text][\/vc_tta_section][\/vc_tta_accordion][vc_single_image image=&#8220;3992&#8243; img_size=&#8220;medium&#8220; alignment=&#8220;right&#8220;][\/vc_column][\/vc_row]<\/p>\n<\/section>","protected":false},"excerpt":{"rendered":"<p>[vc_row][vc_column][vc_column_text] H\u00e4ufigste Fragen von Eltern Ich habe hier mir oft gestellte Fragen f\u00fcr Sie in ganz kurzer Form zusammengefasst. Mehr dazu gerne in einem pers\u00f6nlichen Beratungsgespr\u00e4ch.[\/vc_column_text][vc_tta_accordion no_fill=&#8220;&#8220; gap=&#8220;&#8220; active_section=&#8220;10&#8243; collapsible_all=&#8220;true&#8220;][vc_tta_section title=&#8220;Soll ich mit meinem Kind \u00fcber eine bedrohliche Krankheit \/ Sterben \/ Tod sprechen?&#8220; tab_id=&#8220;1566762582407-5ab3bb78-e10a&#8220;][vc_column_text]Ich finde JA: Wenn Sie mit Ihrem Kind nicht dar\u00fcber reden, &hellip; <a href=\"https:\/\/kindertrauer-undmehr.at\/index.php\/faqs\/\" class=\"more-link\">Continue reading <span class=\"screen-reader-text\">FAQs<\/span><\/a><\/p>\n","protected":false},"author":1,"featured_media":0,"parent":0,"menu_order":6,"comment_status":"closed","ping_status":"closed","template":"","meta":{"footnotes":""},"class_list":["post-3983","page","type-page","status-publish","hentry"],"aioseo_notices":[],"_links":{"self":[{"href":"https:\/\/kindertrauer-undmehr.at\/index.php\/wp-json\/wp\/v2\/pages\/3983","targetHints":{"allow":["GET"]}}],"collection":[{"href":"https:\/\/kindertrauer-undmehr.at\/index.php\/wp-json\/wp\/v2\/pages"}],"about":[{"href":"https:\/\/kindertrauer-undmehr.at\/index.php\/wp-json\/wp\/v2\/types\/page"}],"author":[{"embeddable":true,"href":"https:\/\/kindertrauer-undmehr.at\/index.php\/wp-json\/wp\/v2\/users\/1"}],"replies":[{"embeddable":true,"href":"https:\/\/kindertrauer-undmehr.at\/index.php\/wp-json\/wp\/v2\/comments?post=3983"}],"version-history":[{"count":14,"href":"https:\/\/kindertrauer-undmehr.at\/index.php\/wp-json\/wp\/v2\/pages\/3983\/revisions"}],"predecessor-version":[{"id":4217,"href":"https:\/\/kindertrauer-undmehr.at\/index.php\/wp-json\/wp\/v2\/pages\/3983\/revisions\/4217"}],"wp:attachment":[{"href":"https:\/\/kindertrauer-undmehr.at\/index.php\/wp-json\/wp\/v2\/media?parent=3983"}],"curies":[{"name":"wp","href":"https:\/\/api.w.org\/{rel}","templated":true}]}}

<section class="wpb-content-wrapper"><p>[vc_row][vc_column][vc_column_text]</p>
<h4><span style="color: #008f84;">Häufigste Fragen von Eltern</span></h4>
<p>Ich habe hier mir oft gestellte Fragen für Sie in ganz kurzer Form zusammengefasst. Mehr dazu gerne in einem persönlichen Beratungsgespräch.[/vc_column_text][vc_tta_accordion no_fill=&#8220;&#8220; gap=&#8220;&#8220; active_section=&#8220;10&#8243; collapsible_all=&#8220;true&#8220;][vc_tta_section title=&#8220;Soll ich mit meinem Kind über eine bedrohliche Krankheit / Sterben / Tod sprechen?&#8220; tab_id=&#8220;1566762582407-5ab3bb78-e10a&#8220;][vc_column_text]Ich finde JA:<br />
Wenn Sie mit Ihrem Kind nicht darüber reden, wird es spüren, dass etwas nicht in Ordnung ist und Fantasien beginnen sich zu entwickeln. Dadurch werden Gefühle wie Unsicherheit, Angst, Wut und  möglicherweise auch Schuldgefühlen in ihrem Kind ausgelöst. Beginnen sie altersgerecht eine Geschichte zu erzählen, die sie immer weitererzählen können…</p>
<p>Jugendliche möchten wie Erwachsene behandelt werden und somit immer am Laufenden sein über  Veränderungen. Alles andere ist für Jugendlichen ein Zeichen von „nicht ernst genommen werden“ und entsprechende Reaktionen sind vorprogrammiert![/vc_column_text][/vc_tta_section][vc_tta_section title=&#8220;Soll sich mein Kind vom Verstorbenen verabschieden und mit aufs Begräbnis gehen?&#8220; tab_id=&#8220;1566762582425-326d96f8-cb99&#8243;][vc_column_text]Ich finde JA:</p>
<p><u>Mit entsprechender Vorbereitung und Begleitung</u>, denn bewusstes Abschied nehmen hilft den Tod zu realisieren. Mit allen Sinnen kann be-greifen ermöglicht werden.<br />
Letztendlich ist es natürlich ihre Elternentscheidung und es geht in diesen Frage wohl nicht nur um Abschied nehmen sondern auch um Wertevermittlung. – Wie gehen wir mit unseren Verstorbenen und deren letzten Weg um?[/vc_column_text][/vc_tta_section][vc_tta_section title=&#8220;Wann hört die Trauer auf?&#8220; tab_id=&#8220;1566763288011-07b86944-8384&#8243;][vc_column_text]Trauer hört nie ganz auf, sondern verwandelt sich! In Bildern gesprochen ist da eine Wunde, die heilt und eine Narbe die bleibt.<br />
Der Tod eines nahe stehenden Menschen  bleibt  immer Teil der Lebensgeschichten  der Hinterbliebenen. Also bedeutet das für ihr betroffenes heranwachsendes Kind, dass es in verschiedenen Lebensstufen und zu bestimmten Lebensereignissen eine  neuerliche Auseinandersetzungen mit der Trauer und  ihren Facetten geben kann. Durch Trauergestaltung, Trauerbegleitung und gemeinsames Erinnern in der Familie erfährt ihr Kind Trost, Zuversicht und macht positive Erfahrungen mit Hilfe von innen (Familie) und außen (Trauerbegleitung).[/vc_column_text][/vc_tta_section][/vc_tta_accordion][vc_single_image image=&#8220;3992&#8243; img_size=&#8220;medium&#8220; alignment=&#8220;right&#8220;][/vc_column][/vc_row]</p>
</section>

<p>[vc_row][vc_column][vc_column_text] Häufigste Fragen von Eltern Ich habe hier mir oft gestellte Fragen für Sie in ganz kurzer Form zusammengefasst. Mehr dazu gerne in einem persönlichen Beratungsgespräch.[/vc_column_text][vc_tta_accordion no_fill=&#8220;&#8220; gap=&#8220;&#8220; active_section=&#8220;10&#8243; collapsible_all=&#8220;true&#8220;][vc_tta_section title=&#8220;Soll ich mit meinem Kind über eine bedrohliche Krankheit / Sterben / Tod sprechen?&#8220; tab_id=&#8220;1566762582407-5ab3bb78-e10a&#8220;][vc_column_text]Ich finde JA: Wenn Sie mit Ihrem Kind nicht darüber reden, &hellip; <a href="https://kindertrauer-undmehr.at/index.php/faqs/" class="more-link">Continue reading <span class="screen-reader-text">FAQs</span></a></p>
