{"id":4029,"date":"2019-08-26T15:37:28","date_gmt":"2019-08-26T15:37:28","guid":{"rendered":"https:\/\/kindertrauer-undmehr.at\/?page_id=4029"},"modified":"2025-02-06T16:09:53","modified_gmt":"2025-02-06T16:09:53","slug":"gruppen","status":"publish","type":"page","link":"https:\/\/kindertrauer-undmehr.at\/index.php\/gruppen\/","title":{"rendered":"Gruppen"},"content":{"rendered":"<section class=\"wpb-content-wrapper\"><p>[vc_row][vc_column][vc_column_text]<\/p>\n<blockquote><p><strong>Lange sa\u00dfen sie dort und hatten es schwer.<\/strong><br \/>\n<strong>Aber sie hatten es gemeinsam schwer, und das war ein Trost.<\/strong><br \/>\n<strong>Leicht war es trotzdem nicht.\u201c Aus Ronja R\u00e4ubertochter, Astrid Lindgren<\/strong><\/p><\/blockquote>\n<p>[\/vc_column_text][vc_column_text]<img loading=\"lazy\" decoding=\"async\" class=\"alignright size-medium wp-image-4033\" src=\"https:\/\/kindertrauer-undmehr.at\/wp-content\/uploads\/2019\/08\/Keksha\u0308nde_Gruppe-300x225.jpg\" alt=\"\" width=\"300\" height=\"225\" srcset=\"https:\/\/kindertrauer-undmehr.at\/wp-content\/uploads\/2019\/08\/Keksha\u0308nde_Gruppe-300x225.jpg 300w, https:\/\/kindertrauer-undmehr.at\/wp-content\/uploads\/2019\/08\/Keksha\u0308nde_Gruppe.jpg 373w\" sizes=\"auto, (max-width: 300px) 100vw, 300px\" \/>F\u00fcr viele Menschen ist der Austausch mit Gleichbetroffenen sehr hilfreich, auch wenn anfangs oft Vorbehalte bestehen.<\/p>\n<p>Auch hier ist \u2013 wie so oft in der Trauer \u2013 ein mutiger Schritt gefragt, etwas Neues auszuprobieren und sich die Chance zu geben im moderierten Gespr\u00e4ch Entlastung zu erfahren.<br \/>\nDer Teilnahme an den Trauergruppen geht immer ein Kennenlerngespr\u00e4ch und meist auch einige Einzelbegleitungsstunden voraus. Da die Gruppenstunden auch mit gr\u00f6\u00dferen Abst\u00e4nden stattfinden, kann jederzeit dazwischen ein Einzelgespr\u00e4ch vereinbart werden.<\/p>\n<h4><span style=\"color: #008f84;\">Gruppenangebote:<\/span><\/h4>\n<ul>\n<li>Monatliche Kindertrauergruppe f\u00fcr Kinder von 6-12 Jahren St. P\u00f6lten<\/li>\n<li>Geschwistertrauergruppe f\u00fcr Kinder von 6-12 Jahren in St. P\u00f6lten<\/li>\n<li>Trauergruppe f\u00fcr 12-14j\u00e4hrige Kinder\/Jugendliche in St. P\u00f6lten<\/li>\n<li>ab 2025 : Gruppe f\u00fcr Jugendliche und junge Erwachsene in Trauer nach Suizid<\/li>\n<li>Widow-er BrunchClub f\u00fcr junge Witwen und Witwer in St. P\u00f6lten<\/li>\n<\/ul>\n<p>Bei Bedarf k\u00f6nnen auch kurzfristig neue Gruppen entstehen[\/vc_column_text][\/vc_column][\/vc_row]<\/p>\n<\/section>","protected":false},"excerpt":{"rendered":"<p>[vc_row][vc_column][vc_column_text] Lange sa\u00dfen sie dort und hatten es schwer. Aber sie hatten es gemeinsam schwer, und das war ein Trost. Leicht war es trotzdem nicht.\u201c Aus Ronja R\u00e4ubertochter, Astrid Lindgren [\/vc_column_text][vc_column_text]F\u00fcr viele Menschen ist der Austausch mit Gleichbetroffenen sehr hilfreich, auch wenn anfangs oft Vorbehalte bestehen. Auch hier ist \u2013 wie so oft in der &hellip; <a href=\"https:\/\/kindertrauer-undmehr.at\/index.php\/gruppen\/\" class=\"more-link\">Continue reading <span class=\"screen-reader-text\">Gruppen<\/span><\/a><\/p>\n","protected":false},"author":1,"featured_media":0,"parent":0,"menu_order":0,"comment_status":"closed","ping_status":"closed","template":"","meta":{"footnotes":""},"class_list":["post-4029","page","type-page","status-publish","hentry"],"aioseo_notices":[],"_links":{"self":[{"href":"https:\/\/kindertrauer-undmehr.at\/index.php\/wp-json\/wp\/v2\/pages\/4029","targetHints":{"allow":["GET"]}}],"collection":[{"href":"https:\/\/kindertrauer-undmehr.at\/index.php\/wp-json\/wp\/v2\/pages"}],"about":[{"href":"https:\/\/kindertrauer-undmehr.at\/index.php\/wp-json\/wp\/v2\/types\/page"}],"author":[{"embeddable":true,"href":"https:\/\/kindertrauer-undmehr.at\/index.php\/wp-json\/wp\/v2\/users\/1"}],"replies":[{"embeddable":true,"href":"https:\/\/kindertrauer-undmehr.at\/index.php\/wp-json\/wp\/v2\/comments?post=4029"}],"version-history":[{"count":12,"href":"https:\/\/kindertrauer-undmehr.at\/index.php\/wp-json\/wp\/v2\/pages\/4029\/revisions"}],"predecessor-version":[{"id":4857,"href":"https:\/\/kindertrauer-undmehr.at\/index.php\/wp-json\/wp\/v2\/pages\/4029\/revisions\/4857"}],"wp:attachment":[{"href":"https:\/\/kindertrauer-undmehr.at\/index.php\/wp-json\/wp\/v2\/media?parent=4029"}],"curies":[{"name":"wp","href":"https:\/\/api.w.org\/{rel}","templated":true}]}}

<section class="wpb-content-wrapper"><p>[vc_row][vc_column][vc_column_text]</p>
<blockquote><p><strong>Lange saßen sie dort und hatten es schwer.</strong><br />
<strong>Aber sie hatten es gemeinsam schwer, und das war ein Trost.</strong><br />
<strong>Leicht war es trotzdem nicht.“ Aus Ronja Räubertochter, Astrid Lindgren</strong></p></blockquote>
<p>[/vc_column_text][vc_column_text]<img loading="lazy" decoding="async" class="alignright size-medium wp-image-4033" src="https://kindertrauer-undmehr.at/wp-content/uploads/2019/08/Kekshände_Gruppe-300x225.jpg" alt="" width="300" height="225" srcset="https://kindertrauer-undmehr.at/wp-content/uploads/2019/08/Kekshände_Gruppe-300x225.jpg 300w, https://kindertrauer-undmehr.at/wp-content/uploads/2019/08/Kekshände_Gruppe.jpg 373w" sizes="auto, (max-width: 300px) 100vw, 300px" />Für viele Menschen ist der Austausch mit Gleichbetroffenen sehr hilfreich, auch wenn anfangs oft Vorbehalte bestehen.</p>
<p>Auch hier ist – wie so oft in der Trauer – ein mutiger Schritt gefragt, etwas Neues auszuprobieren und sich die Chance zu geben im moderierten Gespräch Entlastung zu erfahren.<br />
Der Teilnahme an den Trauergruppen geht immer ein Kennenlerngespräch und meist auch einige Einzelbegleitungsstunden voraus. Da die Gruppenstunden auch mit größeren Abständen stattfinden, kann jederzeit dazwischen ein Einzelgespräch vereinbart werden.</p>
<h4><span style="color: #008f84;">Gruppenangebote:</span></h4>
<ul>
<li>Monatliche Kindertrauergruppe für Kinder von 6-12 Jahren St. Pölten</li>
<li>Geschwistertrauergruppe für Kinder von 6-12 Jahren in St. Pölten</li>
<li>Trauergruppe für 12-14jährige Kinder/Jugendliche in St. Pölten</li>
<li>ab 2025 : Gruppe für Jugendliche und junge Erwachsene in Trauer nach Suizid</li>
<li>Widow-er BrunchClub für junge Witwen und Witwer in St. Pölten</li>
</ul>
<p>Bei Bedarf können auch kurzfristig neue Gruppen entstehen[/vc_column_text][/vc_column][/vc_row]</p>
</section>

<p>[vc_row][vc_column][vc_column_text] Lange saßen sie dort und hatten es schwer. Aber sie hatten es gemeinsam schwer, und das war ein Trost. Leicht war es trotzdem nicht.“ Aus Ronja Räubertochter, Astrid Lindgren [/vc_column_text][vc_column_text]Für viele Menschen ist der Austausch mit Gleichbetroffenen sehr hilfreich, auch wenn anfangs oft Vorbehalte bestehen. Auch hier ist – wie so oft in der &hellip; <a href="https://kindertrauer-undmehr.at/index.php/gruppen/" class="more-link">Continue reading <span class="screen-reader-text">Gruppen</span></a></p>
